n base 4, what is 12111123003010 - -1?
12111123003011
In base 8, what is 106763022 - -5?
106763027
In base 4, what is 1332 + -20131103112?
-20131101120
In base 16, what is -1aaa77f + -2?
-1aaa781
In base 7, what is -1325013 + -61?
-1325104
In base 13, what is 123ba0940 + 1?
123ba0941
In base 2, what is -101001010110011101100100001 + -10?
-101001010110011101100100011
In base 3, what is -101110 + -10120122120?
-10121001000
In base 12, what is 113aa54 - -59?
113aab1
In base 9, what is 5 - -1354682?
1354687
In base 6, what is -3125542 - -433?
-3125105
In base 13, what is 5 - -a475711?
a475716
In base 11, what is 9331 + -6216?
3116
In base 8, what is 1632230 - -506?
1632736
In base 14, what is 6520bc + 4?
6520c2
In base 2, what is 1100101001111 - -110011100000?
10011000101111
In base 12, what is 252 + 27b1?
2a43
In base 3, what is 2000221 + -1201200202?
-1122122211
In base 6, what is 2 - -41345031402?
41345031404
In base 6, what is -41254 + -13004?
-54302
In base 2, what is 110010010000011011 - 10?
110010010000011001
In base 2, what is 1000 + 1000110111000111010011000?
1000110111000111010100000
In base 8, what is 5 + 30453034?
30453041
In base 12, what is 8 + -14b9a0a?
-14b9a02
In base 5, what is 3 + 4241303122?
4241303130
In base 15, what is 3 + 10436c9?
10436cc
In base 6, what is -20131310 - -125?
-20131141
In base 12, what is 256 - 671?
-417
In base 14, what is -7235 + -1c?
-7253
In base 12, what is 1510b + -22b?
14aa0
In base 13, what is -3 - -4484a94?
4484a91
In base 15, what is -8819cc + 2d?
-88199e
In base 8, what is 711555 + -244?
711311
In base 9, what is 3874028 - 3?
3874025
In base 16, what is 1 + b132?
b133
In base 7, what is -1306421 + -123?
-1306544
In base 5, what is -1 - -201004323141?
201004323140
In base 8, what is 2636552 - 44?
2636506
In base 7, what is 302052 + 4?
302056
In base 10, what is -3 + -4507676?
-4507679
In base 8, what is -5 + -16321026?
-16321033
In base 11, what is -1829545 + -9?
-1829553
In base 16, what is -112 - -ca1b?
c909
In base 12, what is 4a87 + -6b19?
-2052
In base 2, what is -110000010 - 1001011011110011111?
-1001011100100100001
In base 11, what is -2120167 + 56?
-2120111
In base 14, what is -45b3 + -2aa?
-487d
In base 15, what is 994 + -1a5c4?
-19b30
In base 14, what is -6b16b2 + 8?
-6b16a8
In base 9, what is -1641372 - 18?
-1641401
In base 8, what is 274014322 - 0?
274014322
In base 4, what is -33023 - -1011?
-32012
In base 12, what is bb298 - 37?
bb261
In base 16, what is 5 - -4f32f0f?
4f32f14
In base 3, what is 211112201202 - -10?
211112201212
In base 12, what is b2 - 447a6?
-446b4
In base 16, what is fbcdc + fc?
fbdd8
In base 15, what is -128 - 14690?
-147b8
In base 8, what is -16475606 + -53?
-16475661
In base 3, what is 11 - -101012001022100101?
101012001022100112
In base 5, what is 2001 - -131400?
133401
In base 9, what is -55278 - 67?
-55356
In base 10, what is -49 + 1528568?
1528519
In base 2, what is 10010011000111100 + 10111100000?
10010110000011100
In base 15, what is -23436 - 464?
-2389a
In base 13, what is -157868 - 13?
-15787b
In base 13, what is c5a6c3 - -8?
c5a6cb
In base 8, what is 3 - 265624233?
-265624230
In base 14, what is 665db282 - 5?
665db27b
In base 8, what is -5215345 - 1?
-5215346
In base 5, what is 3332 + 1142304?
1201141
In base 14, what is -3b - 21c656?
-21c693
In base 9, what is -8214 - 4856?
-14171
In base 10, what is -21096 - -445?
-20651
In base 6, what is 1520150514 + 3?
1520150521
In base 8, what is 3 - -1441535651?
1441535654
In base 5, what is 340044 + 222323?
1112422
In base 10, what is -15 - 322830?
-322845
In base 13, what is -3441b6 - 345?
-34452b
In base 8, what is -17304715 + -4?
-17304721
In base 11, what is -677 + -11a455?
-120021
In base 15, what is -249 - 6cd?
-927
In base 12, what is -1709834 - -1?
-1709833
In base 11, what is 4 - -9a07a8?
9a0801
In base 8, what is -4217071 + 64?
-4217005
In base 14, what is -4d + 9cbb?
9c6c
In base 6, what is -44133320 - -12?
-44133304
In base 3, what is -1021110121 - 10020112?
-1101201010
In base 10, what is -6 + -9062445?
-9062451
In base 8, what is -1240 + -10335?
-11575
In base 13, what is 12332 - 8b?
12274
In base 12, what is -73677082 + -2?
-73677084
In base 16, what is 3 - -bfb3f?
bfb42
In base 12, what is -1 - -604b422?
604b421
In base 11, what is -41601688 - a?
-41601697
In base 14, what is 8999 - 353?
8646
In base 12, what is 9 + -847069?
-847060
In base 12, what is -11b0 - -b72?
-23a
In base 10, what is -5 - 2788342?
-2788347
In base 6, what is 4 + -4234555102?
-4234555054
In base 6, what is 4024 - 2115142?
-2111114
In base 12, what is 3 - -411462a2?
411462a5
In base 11, what is -6 + 951006?
951000
In base 2, what is -101000111 + 10000111101011111000010?
10000111101011001111011
In base 16, what is dec26c2 + 1?
dec26c3
In base 8, what is -1244 + -1226026?
-1227272
In base 6, what is 5 - -204152355?
204152404
In base 7, what is 3 + 4312420452?
4312420455
In base 6, what is 3331322 + 1323?
3333045
In base 2, what is -111101111100 + -10000000100?
-1001110000000
In base 11, what is 2464 - 88?
2387
In base 6, what is 13441 - 1310342?
-1252501
In base 6, what is 4 - 425010134?
-425010130
In base 16, what is 2 + -505431?
-50542f
In base 2, what is -1001110100111 - 110101010?
-1010101010001
In base 14, what is d0a30646 - 2?
d0a30644
In base 16, what is e1964 - 0?
e1964
In base 9, what is -2 + -25734485?
-25734487
In base 12, what is 919369 + 1b?
919388
In base 13, what is 5 + -8284924?
-828491c
In base 14, what is -1a35b9 - -a30?
-1a2989
In base 7, what is 2000304213 - 5?
2000304205
In base 8, what is -1377765 + -17?
-1400004
In base 2, what is -1 + -10010100010111100010000011?
-10010100010111100010000100
In base 14, what is 33b + -16a?
1b1
In base 9, what is 726141826 + -2?
726141824
In base 12, what is 11786 + 4b?
11815
In base 4, what is 23 - 11320231232?
-11320231203
In base 16, what is -34b6ec + 0?
-34b6ec
In base 14, what is 16a4 + -526?
117c
In base 8, what is 2 + -13325222?
-13325220
In base 5, what is -311223331303 - -1?
-311223331302
In base 16, what is 34 - f9e28?
-f9df4
In base 16, what is -1824070 - 1?
-1824071
In base 10, what is -927524 + -5?
-927529
In base 12, what is -10 - 1aaa964?
-1aaa974
In base 4, what is 21011 - 1102110?
-1021033
In base 5, what is -100224304 - -44?
-100224210
In base 12, what is b018 + -3?
b015
In base 16, what is 26f9a1 + 5?
26f9a6
In base 6, what is 150 + -21114330?
-21114140
In base 7, what is -1 + 6334146?
6334145
In base 4, what is 12320332100 + -10?
12320332030
In base 3, what is -1210111 - -11211020?
10000202
In base 12, what is -282a9 + -12?
-282bb
In base 4, what is -12203 + 11013303?
11001100
In base 4, what is -311231110 - -300023?
-310331021
In base 15, what is 763 + 5915?
6178
In base 6, what is -1 - 221534054?
-221534055
In base 9, what is 1348 - -56873?
58332
In base 12, what is -41bbb + 216a?
-3ba51
In base 10, what is -58474 + -18?
-58492
In base 8, what is -152564100 - -1?
-152564077
In base 4, what is -11113330112 + 201?
-11113323311
In base 11, what is 4 - -3126a436?
3126a43a
In base 10, what is -178505487 - 5?
-178505492
In base 2, what is -101111001101101001000000 - -100111?
-101111001101101000011001
In base 13, what is 1509c + 701?
157a0
In base 9, what is -135572 + -14?
-135586
In base 9, what is -32 + 2804641?
2804608
In base 2, what is -10010100100110010 - -1000001?
-10010100011110001
In base 16, what is -2 - -8a0847f?
8a0847d
In base 16, what is e - 243716?
-243708
In base 5, what is -3 + -22112033102?
-22112033110
In base 10, what is -6449 - -150?
-6299
In base 8, what is -10 + 7475244?
7475234
In base 9, what is 0 + 12872836?
12872836
In base 7, what is 2344203 + -3345?
2340525
In base 10, what is 5 - -1537633?
1537638
In base 11, what is -1736 - 257a5?
-27430
In base 3, what is -102121221010 + 121?
-102121220112
In base 6, what is -123421 - 2050414?
-2214235
In base 13, what is 2cb4 - -8c0?
38a4
In base 15, what is -69c7b9 + 6?
-69c7b3
In base 15, what is 0 - 69eaae?
-69eaae
In base 9, what is -46 - 2470303?
-2470350
In base 9, what is -507854 + 386?
-507457
In base 15, what is -5e7 + -cbcb8?
-cc3b0
In base 7, what is 545 - -2011361?
2012236
In base 3, what is -10100010122 - 2211212?
-10102222111
In base 12, what is -2650a92 + 0?
-2650a92
In ba